{"id":692,"date":"2025-06-25T16:58:40","date_gmt":"2025-06-25T19:58:40","guid":{"rendered":"https:\/\/codigoverdeesg.com.br\/?page_id=692"},"modified":"2025-07-16T20:21:34","modified_gmt":"2025-07-16T23:21:34","slug":"nossa-missao","status":"publish","type":"page","link":"https:\/\/codigoverdeesg.com.br\/?page_id=692","title":{"rendered":"Nossa miss\u00e3o"},"content":{"rendered":"\t\t<div data-elementor-type=\"wp-page\" data-elementor-id=\"692\" class=\"elementor elementor-692\" data-elementor-post-type=\"page\">\n\t\t\t\t<div class=\"elementor-element elementor-element-8b2c258 e-flex e-con-boxed e-con e-parent\" data-id=\"8b2c258\" data-element_type=\"container\" data-settings=\"{&quot;ekit_has_onepagescroll_dot&quot;:&quot;yes&quot;}\">\n\t\t\t\t\t<div class=\"e-con-inner\">\n\t\t\t\t<div class=\"elementor-element elementor-element-0e14607 elementor-widget elementor-widget-text-editor\" data-id=\"0e14607\" data-element_type=\"widget\" data-settings=\"{&quot;ekit_we_effect_on&quot;:&quot;none&quot;}\" data-widget_type=\"text-editor.default\">\n\t\t\t\t<div class=\"elementor-widget-container\">\n\t\t\t\t\t\t\t\t\t<p><strong>A CODIGO VERDE CORP<\/strong> \u00e9 uma empresa brasileira , ga\u00facha , do Rio Grande do Sul atuante no mercado de carbono . Combinando expertise no monitoramento e emiss\u00e3o de cr\u00e9ditos de carbono, com a opera\u00e7\u00e3o de projetos, mais do que uma empresa de consultoria, a CODIGO VERDE CORP representa hoje um verdadeiro facilitador de projetos, entregando servi\u00e7os de alta qualidade aos maiores players dos mercados de carbono da Am\u00e9rica Latina, no Brasil, Paraguai e Uruguai. Ao longo de suas opera\u00e7\u00f5es nos \u00faltimos anos, a CODIGO VERDE CORP esteve diretamente envolvida nos processos de Invent\u00e1rios, gera\u00e7\u0101o de CPR Verdes, estrutura\u00e7\u00f5es e solu\u00e7\u00f5es financeiras e incentivadas e de certifica\u00e7\u0101o e comercializa\u00e7\u0101o de CBios.<\/p>\t\t\t\t\t\t\t\t<\/div>\n\t\t\t\t<\/div>\n\t\t\t\t\t<\/div>\n\t\t\t\t<\/div>\n\t\t<div class=\"elementor-element elementor-element-2f598c9 e-flex e-con-boxed e-con e-parent\" data-id=\"2f598c9\" data-element_type=\"container\" data-settings=\"{&quot;ekit_has_onepagescroll_dot&quot;:&quot;yes&quot;}\">\n\t\t\t\t\t<div class=\"e-con-inner\">\n\t\t\t\t<div class=\"elementor-element elementor-element-cef1e5e elementor-widget elementor-widget-text-editor\" data-id=\"cef1e5e\" data-element_type=\"widget\" data-settings=\"{&quot;ekit_we_effect_on&quot;:&quot;none&quot;}\" data-widget_type=\"text-editor.default\">\n\t\t\t\t<div class=\"elementor-widget-container\">\n\t\t\t\t\t\t\t\t\t<p>Entrega do Selo <strong>GARBON FREE CODIGO VERDE no Evento EXPO CHURRASCO<\/strong> 2025 o simboliza up grade em Eventos , com o compromisso do evento com a preserva\u00e7\u00e3o ambiental e a luta contra impacto ambiental e as sua consequencias e efeitos clim\u00e1ticos. Este evento foi cuidadosamente planejado para minimizar emiss\u00f5es de carbono, por meio de a\u00e7\u00f5es compensar e mitigar seus impactos ambientais. Mais do que uma certifica\u00e7\u00e3o, trata-se de um posicionamento claro: estamos alinhados com os principais protocolos internacionais e com as metas globais de descarboniza\u00e7\u00e3o.<br \/>Assumimos a responsabilidade socioambiental como parte da nossa jornada em dire\u00e7\u00e3o a um futuro mais sustent\u00e1vel, onde cada a\u00e7\u00e3o conta. Aqui, estamos todos unidos e comprometidos por um prop\u00f3sito comum: contribuir, com seriedade e consci\u00eancia, para um mundo melhor e mais verde.\u201d<\/p>\t\t\t\t\t\t\t\t<\/div>\n\t\t\t\t<\/div>\n\t\t\t\t\t<\/div>\n\t\t\t\t<\/div>\n\t\t<div class=\"elementor-element elementor-element-8d87817 e-flex e-con-boxed e-con e-parent\" data-id=\"8d87817\" data-element_type=\"container\" data-settings=\"{&quot;ekit_has_onepagescroll_dot&quot;:&quot;yes&quot;}\">\n\t\t\t\t\t<div class=\"e-con-inner\">\n\t\t\t\t<div class=\"elementor-element elementor-element-23e75dc elementor-widget elementor-widget-text-editor\" data-id=\"23e75dc\" data-element_type=\"widget\" data-settings=\"{&quot;ekit_we_effect_on&quot;:&quot;none&quot;}\" data-widget_type=\"text-editor.default\">\n\t\t\t\t<div class=\"elementor-widget-container\">\n\t\t\t\t\t\t\t\t\t<p><strong>\u00a0INVENT\u00c1RIO DE EMISS\u00d5ES<\/strong><br \/>O que \u00e9 um invent\u00e1rio de emiss\u00f5es e que informa\u00e7\u00f5es ele cont\u00e9m O invent\u00e1rio de emiss\u00f5es \u00e9 um relat\u00f3rio t\u00e9cnico que identifica e quantifica as emiss\u00f5es de gases de efeito estufa (GEE) associadas \u00e0s atividades, processos ou opera\u00e7\u00f5es de uma organiza\u00e7\u00e3o. As metodologias empregadas no c\u00e1lculo visam mensurar a contribui\u00e7\u00e3o das atividades econ\u00f4micas para as mudan\u00e7as clim\u00e1ticas. Assim, o invent\u00e1rio constitui uma ferramenta estrat\u00e9gica para a avalia\u00e7\u00e3o dos impactos ambientais das a\u00e7\u00f5es da organiza\u00e7\u00e3o, sendo fundamental para o estabelecimento de metas de redu\u00e7\u00e3o de emiss\u00f5es e para o planejamento de a\u00e7\u00f5es de gest\u00e3o da sustentabilidade. Os dados apresentados neste documento foram obtidos a partir de informa\u00e7\u00f5es cont\u00e1beis fornecidas pela empresa, por meio da plataforma DEEP Start, complementadas por respostas a question\u00e1rios de refino, utilizadas para o c\u00e1lculo das emiss\u00f5es de GEE. Esses dados, de natureza cont\u00e1bil e biof\u00edsica, constituem os insumos para a elabora\u00e7\u00e3o do invent\u00e1rio. As emiss\u00f5es s\u00e3o apresentadas de forma segmentada conforme os tr\u00eas escopos definidos pelo GHG Protocol \u2013 principal refer\u00eancia metodol\u00f3gica internacional para quantifica\u00e7\u00e3o e gest\u00e3o de emiss\u00f5es corporativas. A contabiliza\u00e7\u00e3o \u00e9 expressa em toneladas de di\u00f3xido de carbono equivalente (tCO\u2082e), permitindo a padroniza\u00e7\u00e3o e comparabilidade dos resultados.<br \/>* Escopo 1 \u2013 Emiss\u00f5es Diretas: incluem todas as emiss\u00f5es de GEE provenientes de fontes que s\u00e3o de propriedade ou controle da organiza\u00e7\u00e3o, tais como a queima de combust\u00edveis f\u00f3sseis em ve\u00edculos corporativos, equipamentos fixos (caldeiras, fornos, turbinas) e emiss\u00f5es fugitivas (ex.: vazamentos em sistemas de refrigera\u00e7\u00e3o e tubula\u00e7\u00f5es). * Escopo 2 \u2013 Emiss\u00f5es Indiretas por Energia: referem-se \u00e0s emiss\u00f5es associadas \u00e0 gera\u00e7\u00e3o de energia el\u00e9trica, t\u00e9rmica ou de vapor adquirida e consumida pela organiza\u00e7\u00e3o. * Escopo 3 \u2013 Outras Emiss\u00f5es Indiretas: abrangem todas as demais emiss\u00f5es indiretas que ocorrem fora dos limites operacionais diretos da organiza\u00e7\u00e3o, mas que est\u00e3o relacionadas \u00e0s suas atividades. Exemplos incluem: bens e servi\u00e7os adquiridos, transporte e distribui\u00e7\u00e3o (upstream e downstream), disposi\u00e7\u00e3o de res\u00edduos, viagens corporativas, uso de produtos vendidos, entre outros. A identifica\u00e7\u00e3o das fontes emissoras e a atribui\u00e7\u00e3o de responsabilidade organizacional sobre as emiss\u00f5es s\u00e3o etapas essenciais para o desenvolvimento de estrat\u00e9gias corporativas eficazes, promovendo a ado\u00e7\u00e3o de pr\u00e1ticas sustent\u00e1veis e a mitiga\u00e7\u00e3o dos impactos ambientais. 12 GASES DE EFEITO ESTUFA Esse relat\u00f3rio est\u00e1 alinhado com as decis\u00f5es internacionais e com as determina\u00e7\u00f5es do Programa Brasileiro GHG Protocol, adotando os valores de GWP do AR5. De acordo com o Protocolo de Kyoto, os gases de efeito estufa mapeados pelos invent\u00e1rios devem abranger o CO\u2082 (di\u00f3xido de carbono), CH\u2084 (metano), N\u2082O (\u00f3xido Nitroso), SF\u2086 (hexafluoreto de Enxofre), HFCs (hidrofluorcarbonetos), PFCs (perfluorcarbonetos) e NF\u2083 (trifluoreto de nitrog\u00eanio). Al\u00e9m destes gases, o Protocolo de Montreal adiciona os hidroclorofluorcarbonetos (HCFCs), respons\u00e1veis pela diminui\u00e7\u00e3o da camada de oz\u00f4nio, tamb\u00e9m contribuindo para o aquecimento global. Esse relat\u00f3rio ir\u00e1 contabilizar e reportar as emiss\u00f5es dos Gases de Efeito Estufa internacionalmente reconhecidos pelo Protocolo de Kyoto e pelo Protocolo de Montreal, de acordo com a NBR ISO 14064-1 (2022).<\/p>\t\t\t\t\t\t\t\t<\/div>\n\t\t\t\t<\/div>\n\t\t\t\t\t<\/div>\n\t\t\t\t<\/div>\n\t\t<div class=\"elementor-element elementor-element-21ade31 e-flex e-con-boxed e-con e-parent\" data-id=\"21ade31\" data-element_type=\"container\" data-settings=\"{&quot;ekit_has_onepagescroll_dot&quot;:&quot;yes&quot;}\">\n\t\t\t\t\t<div class=\"e-con-inner\">\n\t\t\t\t<div class=\"elementor-element elementor-element-81a17d9 elementor-widget elementor-widget-text-editor\" data-id=\"81a17d9\" data-element_type=\"widget\" data-settings=\"{&quot;ekit_we_effect_on&quot;:&quot;none&quot;}\" data-widget_type=\"text-editor.default\">\n\t\t\t\t<div class=\"elementor-widget-container\">\n\t\t\t\t\t\t\t\t\t<p><strong>OBJETIVO E PROP\u00d3SITO DA DESCARBONIZA\u00c7\u00c3O CODIGO VERDE CORP<\/strong><br \/>Buscando promover um impacto socioambiental positivo nem suas \u00e1reas de atua\u00e7\u00e3o, e seguindo sua agenda ESG, a EXPOCHURRASCO 2025 realizou seu invent\u00e1rio de emiss\u00f5es de gases de efeito estufa do ano de 2025 relativo \u00e0s suas atividades e solicitou proposta \u00e0 CODIGO VERDE CORP para fornecimento do cr\u00e9dito de carbono necess\u00e1rio \u00e0 compensa\u00e7\u00e3o das mesmas. 2.2. NEUTRALIZA\u00c7\u00c3O DE GEE (Gases de Efeito Estufa) O escopo do servi\u00e7o em quest\u00e3o se baseia na comercializa\u00e7\u00e3o de cr\u00e9ditos de carbono para a neutraliza\u00e7\u00e3o de emiss\u00f5es de gases de efeito estufa do evento, com emiss\u00e3o de certificado de cancelamento com frase a definir pela EXPOCHURRASCO no site da UNFCCC. (ONU)<br \/>O cr\u00e9dito de carbono fornecido foi gerado no Mecanismo de Desenvolvimento Limpo do Protocolo de Kyoto, por coleta e destrui\u00e7\u00e3o de metano no Aterro Sanit\u00e1rio de Guatapar\u00e1, SP. A gera\u00e7\u00e3o de cr\u00e9dito de carbono em aterro sanit\u00e1rio resulta da captura do biog\u00e1s, uma mistura de di\u00f3xido de carbono (CO2) e metano (CH4) com elevado poder de efeito estufa. Os projetos de cr\u00e9dito de carbono de aterro promovem a captura desse biog\u00e1s, que seria liberado para a atmosfera, e procedem \u00e0 sua incinera\u00e7\u00e3o em altas temperaturas, transformando-o em um g\u00e1s com um potencial menor de polui\u00e7\u00e3o. Assim, os aterros que fazem todo esse processo est\u00e3o aptos a transformarem a queima do metano em cr\u00e9ditos de carbono.<\/p>\t\t\t\t\t\t\t\t<\/div>\n\t\t\t\t<\/div>\n\t\t\t\t\t<\/div>\n\t\t\t\t<\/div>\n\t\t<div class=\"elementor-element elementor-element-094cb3a e-flex e-con-boxed e-con e-parent\" data-id=\"094cb3a\" data-element_type=\"container\" data-settings=\"{&quot;ekit_has_onepagescroll_dot&quot;:&quot;yes&quot;}\">\n\t\t\t\t\t<div class=\"e-con-inner\">\n\t\t\t\t<div class=\"elementor-element elementor-element-51b4f00 elementor-widget elementor-widget-text-editor\" data-id=\"51b4f00\" data-element_type=\"widget\" data-settings=\"{&quot;ekit_we_effect_on&quot;:&quot;none&quot;}\" data-widget_type=\"text-editor.default\">\n\t\t\t\t<div class=\"elementor-widget-container\">\n\t\t\t\t\t\t\t\t\t<p><strong>A C\u00d3DIGO VERDE CORP<\/strong>\u00a0\u00e9 uma empresa com mais de 5 (cinco) anos de atua\u00e7\u00e3o no mercado, especializada em consultoria de sustentabilidade, oferecendo<br \/>solu\u00e7\u00f5es completas para empresas que desejam reduzir seu impacto ambiental. Nossa principal miss\u00e3o \u00e9 transformar a sustentabilidade em vantagem<br \/>competitiva para o parceiro. Nossos principais servi\u00e7os incluem: \u2713 Invent\u00e1rio de emiss\u00e3o de carbono para diagn\u00f3stico e gest\u00e3o ambiental; \u2713Desenvolvimento de Projetos e certifica\u00e7\u00e3o de cr\u00e9ditos de carbono no Brasil e em outros pa\u00edses; \u2713Apoio \u00e0 compensa\u00e7\u00e3o de emiss\u00f5es de carbono, garantindo conformidade<br \/>e reputa\u00e7\u00e3o sustent\u00e1vel para empresas.\u00a0<\/p><p>\u27a2 Necessidade de um selo confi\u00e1vel e plataforma digital integrada<\/p><p>\u27a2 Conformidade ambiental como diferencial competitivo<\/p>\t\t\t\t\t\t\t\t<\/div>\n\t\t\t\t<\/div>\n\t\t\t\t\t<\/div>\n\t\t\t\t<\/div>\n\t\t\t\t<\/div>\n\t\t","protected":false},"excerpt":{"rendered":"<p>A CODIGO VERDE CORP \u00e9 uma empresa brasileira , ga\u00facha , do Rio Grande do Sul atuante no mercado de carbono . Combinando expertise no monitoramento e emiss\u00e3o de cr\u00e9ditos de carbono, com a opera\u00e7\u00e3o de projetos, mais do que uma empresa de consultoria, a CODIGO VERDE CORP representa hoje um verdadeiro facilitador de projetos, [&hellip;]<\/p>\n","protected":false},"author":1,"featured_media":0,"parent":0,"menu_order":0,"comment_status":"closed","ping_status":"closed","template":"","meta":{"footnotes":""},"class_list":["post-692","page","type-page","status-publish","hentry"],"_links":{"self":[{"href":"https:\/\/codigoverdeesg.com.br\/index.php?rest_route=\/wp\/v2\/pages\/692","targetHints":{"allow":["GET"]}}],"collection":[{"href":"https:\/\/codigoverdeesg.com.br\/index.php?rest_route=\/wp\/v2\/pages"}],"about":[{"href":"https:\/\/codigoverdeesg.com.br\/index.php?rest_route=\/wp\/v2\/types\/page"}],"author":[{"embeddable":true,"href":"https:\/\/codigoverdeesg.com.br\/index.php?rest_route=\/wp\/v2\/users\/1"}],"replies":[{"embeddable":true,"href":"https:\/\/codigoverdeesg.com.br\/index.php?rest_route=%2Fwp%2Fv2%2Fcomments&post=692"}],"version-history":[{"count":3,"href":"https:\/\/codigoverdeesg.com.br\/index.php?rest_route=\/wp\/v2\/pages\/692\/revisions"}],"predecessor-version":[{"id":1425,"href":"https:\/\/codigoverdeesg.com.br\/index.php?rest_route=\/wp\/v2\/pages\/692\/revisions\/1425"}],"wp:attachment":[{"href":"https:\/\/codigoverdeesg.com.br\/index.php?rest_route=%2Fwp%2Fv2%2Fmedia&parent=692"}],"curies":[{"name":"wp","href":"https:\/\/api.w.org\/{rel}","templated":true}]}}